).
7
Let p be -5*2*(-3)/6. Suppose 0 = -3*x - 4*j + 11, -p*j = 15 + 5. Let y be x*(-3 - (-7)/3). Let o(a) = a**2 + 5*a - 3. Give o(y).
3
Let u be (2/5)/((-63)/945). Let n(g) = 2*g - 1. Calculate n(u).
-13
Suppose 4*r - 4*x = 48, -r - 3*x - 2 = -14. Let w(g) = -g**2 + 10*g + 26. Calculate w(r).
2
Let c(a) be the third derivative of -a**8/20160 - a**7/5040 + a**6/240 - a**5/30 - 2*a**2. Let f(r) be the third derivative of c(r). Give f(0).
3
Let o(g) = -g + 5. Suppose l - 18 = -l. Suppose -3*x + l + 6 = 0. Suppose -x*n = -2*n. Calculate o(n).
5
Let p(r) be the second derivative of r**5/20 + 5*r**4/12 + r**3/3 - 2*r**2 - 3*r. Suppose 7*c + 4683 - 4662 = 0. What is p(c)?
8
Suppose -5*a + 4*l + 62 = 16, 6*a - 3*l = 48. Let c(i) = -i - 5. Determine c(a).
-11
Let q(a) be the third derivative of -a**7/1680 - a**6/720 - a**5/15 - 5*a**2. Let h(o) be the third derivative of q(o). What is h(2)?
-7
Let o(c) = c**3 - 3*c**2 - 4*c - 5. Let h be o(4). Let b(f) = 2*f - 39. Let a(j) = -j + 15. Let u(i) = 7*a(i) + 3*b(i). Calculate u(h).
-7
Let f be (-3)/5 - (-352)/(-80). Let o = f - -25. Let u = o + -20. Let v(c) = -c**3 - c + 6. Give v(u).
6
Let a(v) = -v**3 - 5*v**2 - 7*v - 5. Let s(p) = p**2 + 6*p - 3. Let m be s(4). Let w = m + -41. What is a(w)?
7
Let r(v) = -2*v**2 + 9*v - 9. Let q(w) = -3*w**2 + 10*w - 10. Let m(h) = -3*q(h) + 4*r(h). Let a(x) = -66*x + 721. Let c be a(11). Calculate m(c).
-11
Let l(b) = 2*b**2 + 2*b + 1. Suppose 4*y + 5*s - 20 = 17, 0 = 5*y + s - 20. Suppose 2 - y = -m - r, -3*m = -5*r - 3. Let d be m*-1*(8 + -7). Calculate l(d).
1
Let z(q) = q. Suppose 2*i + 2*g = 164, 0 = -5*i - 0*g + g + 440. Let o = 86 - i. Determine z(o).
-1
Let j be 1*(29/(-6) - (282/36)/47). Let a(o) = -1 - 1 + o - 1. Determine a(j).
-8
Let p(i) = -8*i + 0 - 7*i + 1. Suppose -5 = f - 4. Give p(f).
16
Let c(x) = -x**3 + 7*x**2 - 2*x - 5. Let m = 94 + -90. Suppose -5*q + 4*n + 23 = 0, 0 = q - m*n + n + 2. Give c(q).
-19
Suppose 18*d - 103 = 77. Let u(j) = j**3 - 11*j**2 + 10*j - 14. Calculate u(d).
-14
Let a = -9 - -24. Let u(s) = s - 17. Let k be u(a). Let w(d) = 7*d**2 + 2*d + 3. What is w(k)?
27
Let r(a) be the third derivative of a**6/120 + a**5/12 + a**4/8 - a**3/3 - 2*a**2 + 1. What is r(-4)?
2
Let a(k) = -k**2 - 7*k - 3. Suppose 7*i + 28 = 3*i. Give a(i).
-3
Suppose -9*m + 24 = -3*m. Let a(x) = -m*x**2 - 5*x**2 - x**2 + 6*x**2 - 1. Suppose 16 = -3*t - 5*b - 1, -3*t + 4*b = -19. Give a(t).
-5
Let r(x) = 11*x**2 - 7*x + 13. Let q(p) = -16*p**2 + 10*p - 19. Let w(i) = 5*q(i) + 7*r(i). Let u(f) be the first derivative of w(f). Give u(-3).
19
Let h = -2 + 10. Suppose 3*g + g = h. Let x(m) = 3*m**g + 2*m**2 + 2*m - 8 + 4 - 4*m**2. Calculate x(-4).
4
Let v = 118 - 56. Let i = 61 - v. Let h(w) = 11*w**3 + 2*w**2 - 1. What is h(i)?
-10
Let j = 11 - 17. Suppose -y - 11 = -4*b, -2*b + 25 = y + 3*b. Let c(z) = 11*z + 4. Let m(t) = -9*t - 3. Let v(i) = y*m(i) + 4*c(i). Calculate v(j).
7
Let y(p) = p**2 + 2*p + 3. Let l(t) = t. Let h(c) = -3*l(c) - y(c). Let x be h(-3). Suppose x*v = -14 - 1. Let m(r) = -r**2 - 4*r + 1. Give m(v).
-4
Let t(k) be the first derivative of k**2 - 25 + 0*k + 4/3*k**3. What is t(-2)?
12
Let j = 11279 - 11281. Let n(d) = 13*d**3 - d**2 + d - 4. Let w(f) = 3*f**3 - 1. Let c(h) = -2*n(h) + 9*w(h). Calculate c(j).
3
Suppose 5*k - 2*d - 3*d = -50, -5*k + 4*d = 48. Let z(n) = -n**2 - 9*n - 6. Let u be z(k). Let t(g) = 2*g**2 + 2*g**u + g**3 + 0*g - 3 - 2*g - g. Give t(-2).
11
Let p(z) = z + 4. Let a = 249 + -251. Calculate p(a).
2
Let l(y) be the first derivative of 17 - 1/2*y**2 - 9*y. Calculate l(-7).
-2
Let u(i) = -5 + 2*i**2 - 1 + 12*i - 5. Let v(d) = d**2 - 4*d - 89. Let r be v(-8). Let w(a) = 3*a**2 + 18*a - 16. Let s(q) = r*u(q) - 5*w(q). Calculate s(-5).
8
Let h be 136/22 - (-70)/(-385). Suppose -5*x - 14 = y, 4*y - 4*x + 2 = -h. Let g(t) = -5*t**2 + 3 + 0*t**2 - t - 3*t - t**3. Determine g(y).
3
Let s(v) = -7*v + 8. Let f(w) = -20*w + 25. Let a(j) = 6*f(j) - 17*s(j). Suppose -5*m + 30 = u, 3*u = -4*m + 2*u + 23. Calculate a(m).
7
Let v(f) = -75*f + 2*f**2 + 71*f + f**3 + 6 - 4. Calculate v(-4).
-14
Let q(s) = -7*s + 101. Let f be q(14). Let v(p) = -3*p**2 + 2*p + 4. Determine v(f).
-17
Let u(g) = g - 6. Let s be u(8). Let n(l) = -l - 3*l**s - 3*l + 0*l**3 - l**3 + 2 + 9*l. Let i = 3 + -7. Give n(i).
-2
Let c(t) = t**3 + 8*t**2 - 4*t - 11. Suppose 190*h = 181*h - 72. What is c(h)?
21
Let a = -85 + 89. Suppose -g - a*o - 21 = 0, 5*o = -4*g + 2*o - 19. Let b(j) = -2*j**2 - j - 2*j**3 + 4*j**2 - 3*j**2. Calculate b(g).
2
Let o(d) = -9*d + 24. Let i(b) = 20*b - 50. Let a(u) = -6*i(u) - 13*o(u). What is a(-7)?
9
Let o be 2 - -1 - (-2 + 9/3). Let r(g) = 2*g - o*g - 5*g + 3*g + 2. What is r(-8)?
18
Suppose 9*n + 3*w - 45 = 6*n, 0 = -5*n + w + 51. Let m(a) = a**3 - 11*a**2 + 8*a - 7. Give m(n).
81
Let w(l) = -14*l + 18. Let v(o) = -5*o + 6. Let m(x) = -8*v(x) + 3*w(x). Let n be 108/918 - 166/68*-2. Calculate m(n).
-4
Let y(k) = k**3 + 45*k**2 - k - 36. Let p be y(-45). Let m(b) = b**3 - 7*b**2 - 18*b + 9. Calculate m(p).
9
Let x(i) = -7*i**3 + 5*i**2 - 7*i + 13. Let y(g) = -13*g**3 + 10*g**2 - 14*g + 24. Let h(d) = -11*x(d) + 6*y(d). Calculate h(5).
-34
Let y(u) = 4*u - 1. Let z be y(1). Let a(s) = 6*s**2 - 9*s - s**3 - 9*s + 17*s - 2*s**2. Determine a(z).
6
Let x(h) = h**3 - h**2 + 1. Let q(d) = -3*d**3 + 6*d**2 + 3*d + 2. Suppose 7*w + 8 = -6. Let s(t) = w*x(t) - q(t). What is s(5)?
6
Let s(n) = n**3 - 5*n**2 + 6. Suppose -6*l + 10*l = 12. Suppose 3*d + 0*v = 2*v + 21, -34 = -5*d + l*v. What is s(d)?
6
Let o = -36 + 40. Let b(u) = 2*u + 5. Let j(t) = 3*t + 6. Let a(z) = o*b(z) - 3*j(z). Give a(-4).
6
Let s be 3*(-25)/5*-1. Let f be 2 - 3/(s/(-5)). Let a(p) = -p - 1. Determine a(f).
-4
Let r(p) = -3*p**2 - p + 73. Let a be r(-5). Let t(u) = u - 2*u - 2 + 3*u. Give t(a).
4
Suppose 7*j + 5 = 2*j. Let d(r) = -6*r**3 - 2*r**2 - r. Let s be d(j). Let c(t) = -t + 7. What is c(s)?
2
Let w(u) = u**3 - 12*u**2 + 9*u + 24. Let r be w(11). Let l(d) = -2*d**2 + 0*d**2 + 0*d - r + d + 2*d. What is l(3)?
-11
Let m = 362 - 354. Let f(z) = -z**2 + 11*z + 13. Let a(d) = 3*d**2 - 32*d - 38. Let l(t) = -3*a(t) - 8*f(t). Give l(m).
10
Let x(d) = 27 - 41 + 18 - d**2 - 5*d. Calculate x(-5).
4
Let r(y) = -2*y + 13. Suppose 51*b - 144 = 162. Give r(b).
1
Suppose -2*h + p = 2*h - 33, h + 13 = -4*p. Suppose -3*n - 15 = -5*z - h*n, 5*n + 3 = z. Let q(r) = 8*r - 4*r**2 - 6 + r**z + 9*r - 13*r. What is q(4)?
10
Let v(o) = -o**2 + 14*o + 37. Let x be -2 + 1 + 1 - (33 + -49). Calculate v(x).
5
Let c(u) = -2 - 44*u + 43*u - 3 - u**2. Give c(5).
-35
Let u(s) be the third derivative of 3 + 0*s**3 + 0*s**4 - 7/15*s**5 + 0*s - 7*s**2. Calculate u(-1).
-28
Let v(n) be the first derivative of -n**2/2 + 7*n - 38. Give v(8).
-1
Let z(o) = -o**3 + o. Suppose -g = -7*g. Suppose -m + 6*m = g. Suppose 3*h + m = -6. What is z(h)?
6
Suppose 0 = 38*b - 30*b - 24. Let f(a) = -4*a + 2 + 0 + 3*a. What is f(b)?
-1
Let b(x) be the first derivative of -x**3/3 + x**2/2 - 3*x + 76. What is b(-5)?
-33
Let j(q) = -q**2 - 4*q - 6. Let n = 595 + -601. Calculate j(n).
-18
Let j(f) = 2*f**2 - 4*f - 1. Let x be j(3). Suppose 14 + 1 = x*d. Suppose 4*k + 1 = -d. Let q(t) = -4*t**3 - t**2 + 1. Calculate q(k).
4
Suppose -32*y + 31 = -97. Let k(f) = 10*f + 3. Calculate k(y).
43
Let p = -3 + -6. Suppose 17*h - 8 = 13*h, 0 = n + 3*h + 1. Let f = p - n. Let d(t) = t**3 + 2*t**2 - 2. Calculate d(f).
-2
Let j(q) = 13*q - 3. Let w(i) = 5*i + 5. Let x(v) = -3*v - 2. Let t(d) = -3*w(d) - 7*x(d). Let r(a) = 2*j(a) - 5*t(a). Give r(2).
-9
Let q(v) be the second derivative of -v**4/12 + 7*v**3/6 + 2*v - 193. What is q(5)?
10
Let c(t) = -t + 4. Let g be c(-5). Let l(a) = 13*a + 9 + g*a**2 - 11*a + a**3 + 7*a. Give l(-8).
1
Let v(b) be the first derivative of -3*b**2/2 - 24*b - 2. Let n(a) = -a - 6. Let o(g) = -9*n(g) + 2*v(g). Suppose -2*t - 97 = -89. Determine o(t).
-6
Let m(c) = 3*c - 11. Let d(a) = a**2 - 6*a - 2. Let p be d(3). Let h(t) = 2*t - 6. Let n be 3/12 + 46/8. Let i(j) = n*m(j) + p*h(j). Calculate i(2).
-8
Let w(f) be the first derivative of 0*f + 3 - 1/3*f**3 + 0*f**2. Calculate w(-2).
-4
Let t(k) = -222*k**2 + k**3 + 109*k**2 + 4 + 137*k**2 + 23*k. Calculate t(-23).
4
Suppose -18281 = 20*c - 18381. Let a(b)